2233320103 (base 4) in base 3?
-102012222002100
What is 3403b6 (base 13) in base 16?
12bfeb
Convert -972159 (base 16) to base 7.
-150121005
What is -11488ca (base 14) in base 15?
-accd32
Convert -39061 (base 10) to base 3.
-1222120201
What is -2645211 (base 8) in base 14?
-153957
Convert 428b1 (base 12) to base 4.
111122011
50397 (base 11) to base 14
1cbc6
Convert 12489 (base 14) to base 4.
22330021
What is -100001011011001110 (base 2) in base 6?
-2533502
1011200033 (base 4) to base 2
1000101100000001111
Convert 12917b5 (base 12) to base 5.
1420020040
336847 (base 10) to base 3
122010001211
-4ce3e (base 15) to base 5
-30334314
74993 (base 11) to base 6
2200350
What is 2093165 (base 10) in base 2?
111111111000001101101
Convert -184037 (base 10) to base 4.
-230323211
Convert -111010100011111101111 (base 2) to base 3.
-10121111022120
Convert 21724743 (base 8) to base 7.
54630362
3a9a21 (base 13) to base 8
5327263
Convert 43219 (base 13) to base 3.
20011020201
Convert 44502122 (base 6) to base 4.
11020203002
Convert -521433 (base 7) to base 9.
-145563
What is -17bafc (base 16) in base 6?
-53155552
222201021 (base 3) to base 8
46022
Convert 49940 (base 10) to base 9.
75448
What is 221102122 (base 3) in base 9?
27378
What is -1135792 (base 14) in base 6?
-451412524
60560530 (base 7) to base 9
10431471
1000000210222010 (base 3) to base 9
30023863
What is -120022211102 (base 3) in base 7?
-2364353
What is 30321021121 (base 4) in base 10?
3379801
205314352 (base 6) to base 7
42516341
30a629 (base 15) to base 3
11100112012110
10025 (base 10) to base 12
5975
What is -165766a (base 11) in base 12?
-b40773
Convert -71ab6 (base 12) to base 15.
-2dec3
What is -3332022033 (base 4) in base 2?
-11111110001010001111
What is -1320112321 (base 4) in base 9?
-831221
Convert 8c0b9 (base 13) to base 15.
50854
230122120 (base 4) to base 5
21310122
What is 6a664a (base 13) in base 14?
49b20a
Convert 1584249 (base 11) to base 13.
736999
What is -8521d (base 14) in base 2?
-1001110011110111011
Convert -40233 (base 13) to base 10.
-114624
Convert 100111111101101010011 (base 2) to base 4.
10333231103
-376935 (base 10) to base 9
-634046
Convert 133788 (base 10) to base 3.
20210112010
What is -113213203220 (base 4) in base 8?
-27474350
Convert 2a87 (base 12) to base 16.
1387
Convert 15177f (base 16) to base 6.
45343223
-185a19 (base 11) to base 8
-1056560
1010000101001101010101 (base 2) to base 12
a75471
Convert -102033223 (base 4) to base 3.
-10210111211
-15464 (base 13) to base 8
-116560
-3bd4 (base 15) to base 6
-135131
3e23e (base 15) to base 16
30bd2
-7873b (base 12) to base 8
-470437
What is -524114232 (base 6) in base 3?
-122020002202102
Convert 14132244 (base 5) to base 10.
145949
-5b633 (base 12) to base 10
-123591
-232513 (base 6) to base 2
-100111001011101
-10101000111001100 (base 2) to base 16
-151cc
-30943 (base 11) to base 16
-b003
Convert b5dd (base 15) to base 7.
220060
Convert -409616 (base 13) to base 9.
-2744728
Convert 330112 (base 4) to base 2.
111100010110
Convert -3201301322 (base 4) to base 3.
-1201222120122
Convert -343 (base 10) to base 9.
-421
Convert 30322123030 (base 4) to base 11.
1a02256
-1013331021 (base 5) to base 3
-10221011021022
Convert -2502948 (base 13) to base 14.
-175ab58
101000101101110010 (base 2) to base 7
1263132
What is 100132322002 (base 4) in base 3?
22010112011021
What is -234797 (base 11) in base 2?
-1011010111001001110
What is 1230101121 (base 4) in base 6?
13301053
Convert -802699 (base 10) to base 9.
-1453077
58d42 (base 16) to base 10
363842
What is -10100212201012 (base 3) in base 2?
-110110100101101010011
100011223100 (base 4) to base 6
230221412
27ae3 (base 15) to base 3
20110200020
What is 423402532 (base 6) in base 16?
71adb8
Convert 317a059 (base 11) to base 9.
11462203
What is 111011001010000001000 (base 2) in base 7?
22322300
47130 (base 9) to base 7
160464
234152521 (base 6) to base 11
2536216
Convert -21030041 (base 5) to base 3.
-22211100222
397e20 (base 15) to base 5
1201314210
-212878 (base 10) to base 14
-57818
-3102330 (base 4) to base 13
-61b6
What is 32d678 (base 16) in base 13?
8c862c
Convert -524657 (base 9) to base 16.
-4c20d
What is 233331112 (base 4) in base 6?
4113234
fe237 (base 16) to base 14
1d14d9
-2110012300 (base 5) to base 14
-81ca3c
5002512 (base 6) to base 3
102212211222
Convert 250135500 (base 6) to base 9.
8872650
-13203030203 (base 4) to base 14
-3973b5
10202454 (base 6) to base 15
5caed
Convert 7021333 (base 8) to base 6.
103304415
15113443 (base 7) to base 2
101011101101010111100
Convert a852c (base 16) to base 7.
5601031
185832 (base 9) to base 2
11100010010010011
-3300330 (base 4) to base 6
-155220
-4004014103 (base 5) to base 6
-440451401
What is 452eae (base 15) in base 13?
8b7492
4092a4 (base 11) to base 6
22023311
What is -14231433 (base 5) in base 11?
-a1a39
Convert 112300021130 (base 4) to base 2.
10110110000001001011100
Convert -240912 (base 11) to base 5.
-44204033
What is 383793 (base 10) in base 14?
9dc1b
5a9488 (base 11) to base 16
eb680
What is -39650a (base 15) in base 11?
-1611a79
What is 2033031 (base 13) in base 7?
145560540
What is abc2d (base 14) in base 10?
416737
Convert -783343 (base 13) to base 8.
-12640404
What is -125453530 (base 6) in base 9?
-4646640
Convert -9bb15 (base 13) to base 5.
-33024333
Convert -3186561 (base 10) to base 2.
-1100001001111110000001
11424332 (base 7) to base 4
3313233230
1055532 (base 6) to base 8
152220
What is 128a25 (base 11) in base 2?
110001010111101010
What is 213132122 (base 4) in base 6?
3244322
77360 (base 12) to base 6
3214200
What is -226262 (base 7) in base 12?
-1b608
-2033000002 (base 5) to base 13
-b38017
Convert 16138 (base 10) to base 9.
24121
Convert 36b053 (base 12) to base 3.
1200012211100
10004305 (base 6) to base 9
467305
Convert -2064550 (base 10) to base 7.
-23356045
100011010101001100000 (base 2) to base 3
2011211002211
What is c3d3 (base 16) in base 10?
50131
Convert 4560356 (base 10) to base 13.
c38948
Convert -3514505 (base 7) to base 8.
-1535255
22120121022 (base 3) to base 7
1302146
What is -10110100011010010011001 (base 2) in base 5?
-3003133310
-12011212101 (base 3) to base 12
-4b00a
What is 55b4c (base 13) in base 15?
3120d
Convert -16537317 (base 8) to base 6.
-214303435
1a2b4 (base 12) to base 9
57651
What is -4331356 (base 7) in base 8?
-2010557
What is -21103 (base 10) in base 14?
-7995
1014027 (base 8) to base 12
10b333
What is 7ae70 (base 16) in base 13?
148199
312230330 (base 4) to base 16
36b3c
What is 1041324 (base 7) in base 3?
20111020220
Convert 1100110000100000011 (base 2) to base 3.
210020110101
What is -1011011110110000010000 (base 2) in base 5?
-1232301202
What is -214989 (base 11) in base 6?
-11205045
What is 4be130 (base 15) in base 10?
3641895
Convert 4131272 (base 10) to base 8.
17604710
What is ead15 (base 15) in base 6?
23551045
What is -13856163 (base 9) in base 2?
-11010010001011001011001
Convert 93e (base 16) to base 5.
33431
136202 (base 13) to base 16
72de2
-1404720 (base 13) to base 5
-3104300403
What is 4454162 (base 8) in base 13?
33131b
What is 111110100110010001110 (base 2) in base 16?
1f4c8e
Convert 350181 (base 9) to base 14.
567d8
-807b3 (base 14) to base 6
-10341521
Convert -4c23c (base 13) to base 3.
-21011102010
Convert -31715 (base 8) to base 15.
-3de1
What is 45132 (base 11) in base 13?
239ab
Convert -100101000101001101 (base 2) to base 10.
-151885
What is -31cacc (base 13) in base 3?
-2012110211212
Convert 30113213002 (base 4) to base 9.
6081704
Convert -2201122122 (base 4) to base 16.
-a169a
Convert -453a26 (base 13) to base 8.
-6173702
What is 33234 (base 14) in base 8?
362016
What is -14301 (base 6) in base 14?
-b81
What is 110021200 (base 5) in base 9?
785856
Convert -12034114 (base 5) to base 2.
-11011010010101000
-1f714a (base 16) to base 13
-571c01
What is -11241005 (base 6) in base 3?
-122122202012
What is 1932389 (base 13) in base 10?
8259143
What is 7e83ef (base 16) in base 14?
115b887
Convert 561163 (base 10) to base 13.
168565
What is 12b5 (base 13) in base 14?
d99
Convert -792887 (base 10) to base 4.
-3001210313
What is 44442323 (base 5) in base 9?
654388
What is 11350114 (base 7) in base 6?
33302354
Convert -1001221112120 (base 3) to base 11.
-3